{"id":381,"date":"2016-12-16T18:55:35","date_gmt":"2016-12-16T18:55:35","guid":{"rendered":"https:\/\/econlp.home.pl\/autoinstalator\/wordpress4\/?page_id=381"},"modified":"2017-07-09T13:20:01","modified_gmt":"2017-07-09T13:20:01","slug":"dla-kogo-prowadzimy-coaching","status":"publish","type":"page","link":"https:\/\/ccinnovation.pl\/?page_id=381","title":{"rendered":"Dla kogo prowadzimy coaching?"},"content":{"rendered":"<div id=\"pl-381\"  class=\"panel-layout\" ><div id=\"pg-381-0\"  class=\"panel-grid panel-has-style\" ><div style=\"padding: 0px 0; \" class=\"panel-row-style panel-row-style-for-381-0\" ><div id=\"pgc-381-0-0\"  class=\"panel-grid-cell\" ><div id=\"panel-381-0-0-0\" class=\"so-panel widget panel-first-child panel-last-child\" data-index=\"0\" ><\/div><\/div><\/div><\/div><div id=\"pg-381-1\"  class=\"panel-grid panel-has-style\" ><div style=\"padding: 0px 0; \" class=\"panel-row-style panel-row-style-for-381-1\" ><div id=\"pgc-381-1-0\"  class=\"panel-grid-cell\" ><div id=\"panel-381-1-0-0\" class=\"so-panel widget widget_perth_services_type_a perth_services_widget panel-first-child panel-last-child\" data-index=\"1\" >\t\t\t\t\t\t\t<div class=\"service-area\">\r\n\t\t\t\t\t\t\t\t\t\t\t\t\t\t\t\t\t\t\t\t\t\t\t\t\t\t\t\t\t<div class=\"service columns2\">\r\n\t\t\t\t\t\t\t\t\t\t\t\t\t\t\r\n\t\t\t\t\t\t\t<div class=\"svg-container service-icon-svg\">\r\n\t\t\t\t\t\t\t\t\n\t\t<svg xmlns=\"http:\/\/www.w3.org\/2000\/svg\" version=\"1.1\" viewBox=\"0 0 80 70\">\n\t\t\t<g transform=\"translate(0,-982.3622)\">\n\t\t\t\t<path d=\"m 41.863512,49.0007 -35.2397037,-2e-6 -17.6198503,-30.51848 17.6198533,-30.518478 35.2397037,2e-6 17.619851,30.518479 z\" transform=\"matrix(1.1191385,0,0,1.1284347,12.867983,996.50622)\"\/>\n\t\t\t<\/g>\n\t\t<\/svg>\n\t\t\t\t\t\t\t\t\t<span class=\"service-icon\">\r\n\t\t\t\t\t\t\t\t\t<i class=\"fa fa-flag\"><\/i>\t\t\t\t\t\t\t\t<\/span>\t\t\t\t\t\t\t\t\r\n\t\t\t\t\t\t\t<\/div>\t\t\t\t\t\t\t\t\t\t\r\n\t\t\t\t\t\t\t\t\t\t\t\t\t\t\r\n\t\t\t\t\t\t\t<div class=\"content\">\r\n\t\t\t\t\t\t\t\t<h4 class=\"service-title\">\r\n\t\t\t\t\t\t\t\t\t\t\t\t\t\t\t\t\tCoaching cz\u0142onk\u00f3w zarz\u0105d\u00f3w\t\t\t\t\t\t\t\t\t\t\t\t\t\t\t\t<\/h4>\r\n\t\t\t\t\t\t\t\t<p>Dostarcza umiej\u0119tno\u015bci pomagaj\u0105cych w rozwijaniu organizacji, jak te\u017c w radzeniu sobie z trudno\u015bciami z obszaru prowadzonego biznesu. Ma zastosowanie w sytuacji wprowadzania zmian w organizacji, kreatywnego planowania i skutecznego wdra\u017cania plan\u00f3w, realizacji zada\u0144.<\/p>\n\t\t\t\t\t\t\t<\/div>\t\r\n\t\t\t\t\t\t<\/div>\r\n\t\t\t\t\t\t\t\t\t\t\t\t\t\t\t\t\t\t\t\t\t\t\t\t\t\t\t\t\t<div class=\"service columns2\">\r\n\t\t\t\t\t\t\t\t\t\t\t\t\t\t\r\n\t\t\t\t\t\t\t<div class=\"svg-container service-icon-svg\">\r\n\t\t\t\t\t\t\t\t\n\t\t<svg xmlns=\"http:\/\/www.w3.org\/2000\/svg\" version=\"1.1\" viewBox=\"0 0 80 70\">\n\t\t\t<g transform=\"translate(0,-982.3622)\">\n\t\t\t\t<path d=\"m 41.863512,49.0007 -35.2397037,-2e-6 -17.6198503,-30.51848 17.6198533,-30.518478 35.2397037,2e-6 17.619851,30.518479 z\" transform=\"matrix(1.1191385,0,0,1.1284347,12.867983,996.50622)\"\/>\n\t\t\t<\/g>\n\t\t<\/svg>\n\t\t\t\t\t\t\t\t\t<span class=\"service-icon\">\r\n\t\t\t\t\t\t\t\t\t<i class=\"fa fa-rocket\"><\/i>\t\t\t\t\t\t\t\t<\/span>\t\t\t\t\t\t\t\t\r\n\t\t\t\t\t\t\t<\/div>\t\t\t\t\t\t\t\t\t\t\r\n\t\t\t\t\t\t\t\t\t\t\t\t\t\t\r\n\t\t\t\t\t\t\t<div class=\"content\">\r\n\t\t\t\t\t\t\t\t<h4 class=\"service-title\">\r\n\t\t\t\t\t\t\t\t\t\t\t\t\t\t\t\t\tCoaching zawodowy\t\t\t\t\t\t\t\t\t\t\t\t\t\t\t\t<\/h4>\r\n\t\t\t\t\t\t\t\t<p>Dotyczy rozwoju zawodowego na danym stanowisku pracy, wsparcia w realizacji bie\u017c\u0105cych zada\u0144 i w kontek\u015bcie szczeg\u00f3lnych wyzwa\u0144 zawodowych oraz nauki potrzebnych umiej\u0119tno\u015bci. Pomaga uzyska\u0107 przekonania i postawy niezb\u0119dne do dalszego rozwoju kariery zawodowej.<\/p>\n\t\t\t\t\t\t\t<\/div>\t\r\n\t\t\t\t\t\t<\/div>\r\n\t\t\t\t\t\t\t\t\t\t\t\t\t\t\t\t\t\t\t\t\t\t\t\t\t\t\t\t\t<div class=\"service columns2\">\r\n\t\t\t\t\t\t\t\t\t\t\t\t\t\t\r\n\t\t\t\t\t\t\t<div class=\"svg-container service-icon-svg\">\r\n\t\t\t\t\t\t\t\t\n\t\t<svg xmlns=\"http:\/\/www.w3.org\/2000\/svg\" version=\"1.1\" viewBox=\"0 0 80 70\">\n\t\t\t<g transform=\"translate(0,-982.3622)\">\n\t\t\t\t<path d=\"m 41.863512,49.0007 -35.2397037,-2e-6 -17.6198503,-30.51848 17.6198533,-30.518478 35.2397037,2e-6 17.619851,30.518479 z\" transform=\"matrix(1.1191385,0,0,1.1284347,12.867983,996.50622)\"\/>\n\t\t\t<\/g>\n\t\t<\/svg>\n\t\t\t\t\t\t\t\t\t<span class=\"service-icon\">\r\n\t\t\t\t\t\t\t\t\t<i class=\"fa fa-key\"><\/i>\t\t\t\t\t\t\t\t<\/span>\t\t\t\t\t\t\t\t\r\n\t\t\t\t\t\t\t<\/div>\t\t\t\t\t\t\t\t\t\t\r\n\t\t\t\t\t\t\t\t\t\t\t\t\t\t\r\n\t\t\t\t\t\t\t<div class=\"content\">\r\n\t\t\t\t\t\t\t\t<h4 class=\"service-title\">\r\n\t\t\t\t\t\t\t\t\t\t\t\t\t\t\t\t\tCoaching \u015bcie\u017cki zawodowej\/kariery\t\t\t\t\t\t\t\t\t\t\t\t\t\t\t\t<\/h4>\r\n\t\t\t\t\t\t\t\t<h5>(<em>career coaching<\/em>)<\/h5>\n<p>Ma na celu wspieranie osoby w czasie wyboru kierunku rozwoju zawodowego. W organizacji ma on miejsce zazwyczaj, gdy potrzebne jest okre\u015blenie nowych obszar\u00f3w pracy: mocnych stron i ewentualnych ogranicze\u0144 pracownika. Mo\u017ce dotyczy\u0107 wsparcia na nowym stanowisku lub w sytuacji przygotowania do awansu.<\/p>\n\t\t\t\t\t\t\t<\/div>\t\r\n\t\t\t\t\t\t<\/div>\r\n\t\t\t\t\t\t\t\t\t\t\t\t\t\t\t\t\t\t\t\t\t\t\t\t\t\t\t\t\t<div class=\"service columns2\">\r\n\t\t\t\t\t\t\t\t\t\t\t\t\t\t\r\n\t\t\t\t\t\t\t<div class=\"svg-container service-icon-svg\">\r\n\t\t\t\t\t\t\t\t\n\t\t<svg xmlns=\"http:\/\/www.w3.org\/2000\/svg\" version=\"1.1\" viewBox=\"0 0 80 70\">\n\t\t\t<g transform=\"translate(0,-982.3622)\">\n\t\t\t\t<path d=\"m 41.863512,49.0007 -35.2397037,-2e-6 -17.6198503,-30.51848 17.6198533,-30.518478 35.2397037,2e-6 17.619851,30.518479 z\" transform=\"matrix(1.1191385,0,0,1.1284347,12.867983,996.50622)\"\/>\n\t\t\t<\/g>\n\t\t<\/svg>\n\t\t\t\t\t\t\t\t\t<span class=\"service-icon\">\r\n\t\t\t\t\t\t\t\t\t<i class=\"fa fa-group\"><\/i>\t\t\t\t\t\t\t\t<\/span>\t\t\t\t\t\t\t\t\r\n\t\t\t\t\t\t\t<\/div>\t\t\t\t\t\t\t\t\t\t\r\n\t\t\t\t\t\t\t\t\t\t\t\t\t\t\r\n\t\t\t\t\t\t\t<div class=\"content\">\r\n\t\t\t\t\t\t\t\t<h4 class=\"service-title\">\r\n\t\t\t\t\t\t\t\t\t\t\t\t\t\t\t\t\tCoaching zespo\u0142owy\t\t\t\t\t\t\t\t\t\t\t\t\t\t\t\t<\/h4>\r\n\t\t\t\t\t\t\t\t<h5>(<em>team coaching<\/em>)<\/h5>\n<p>Obejmuje rozw\u00f3j potencja\u0142u\u00a0 pracownik\u00f3w w\u00a0formie pracy zespo\u0142owej. Wykorzystuje potencja\u0142 do\u015bwiadczenia cz\u0142onk\u00f3w zespo\u0142u pod okiem do\u015bwiadczonego coacha. Mo\u017ce s\u0142u\u017cy\u0107 lepszej realizacji zada\u0144 w\u00a0zespole, wsparciu przy konkretnym projekcie czy przeprowadzaniu zmian w\u00a0firmie, lub w\u00a0poradzeniu sobie z\u00a0trudn\u0105, konfliktow\u0105 sytuacj\u0105.<\/p>\n\t\t\t\t\t\t\t<\/div>\t\r\n\t\t\t\t\t\t<\/div>\r\n\t\t\t\t\t\t\t\t\t\t\t\t\t\t\t\t\t\t\t\t\t\t\t\t\t\t\t\t\t<div class=\"service columns2\">\r\n\t\t\t\t\t\t\t\t\t\t\t\t\t\t\r\n\t\t\t\t\t\t\t<div class=\"svg-container service-icon-svg\">\r\n\t\t\t\t\t\t\t\t\n\t\t<svg xmlns=\"http:\/\/www.w3.org\/2000\/svg\" version=\"1.1\" viewBox=\"0 0 80 70\">\n\t\t\t<g transform=\"translate(0,-982.3622)\">\n\t\t\t\t<path d=\"m 41.863512,49.0007 -35.2397037,-2e-6 -17.6198503,-30.51848 17.6198533,-30.518478 35.2397037,2e-6 17.619851,30.518479 z\" transform=\"matrix(1.1191385,0,0,1.1284347,12.867983,996.50622)\"\/>\n\t\t\t<\/g>\n\t\t<\/svg>\n\t\t\t\t\t\t\t\t\t<span class=\"service-icon\">\r\n\t\t\t\t\t\t\t\t\t<i class=\"fa fa-futbol-o\"><\/i>\t\t\t\t\t\t\t\t<\/span>\t\t\t\t\t\t\t\t\r\n\t\t\t\t\t\t\t<\/div>\t\t\t\t\t\t\t\t\t\t\r\n\t\t\t\t\t\t\t\t\t\t\t\t\t\t\r\n\t\t\t\t\t\t\t<div class=\"content\">\r\n\t\t\t\t\t\t\t\t<h4 class=\"service-title\">\r\n\t\t\t\t\t\t\t\t\t\t\t\t\t\t\t\t\tCoaching sportowy\t\t\t\t\t\t\t\t\t\t\t\t\t\t\t\t<\/h4>\r\n\t\t\t\t\t\t\t\t<h5>(<em>sports coaching<\/em>)<\/h5>\n<p>Obejmuje rozw\u00f3j zawodnik\u00f3w sportowych. Ma na celu rozwini\u0119cie u\u00a0klienta m.in. g\u0142\u0119bokiego czucia cia\u0142a, zdolno\u015bci koncentracji, zarz\u0105dzania emocjami, umiej\u0119tno\u015bci wizualizacji, zdolno\u015bci do otwarto\u015bci. Dotyczy umiej\u0119tno\u015bci prawid\u0142owego definiowania oraz osi\u0105gania postawionych cel\u00f3w, a\u00a0tak\u017ce pokonywania barier i\u00a0trudno\u015bci.<\/p>\n\t\t\t\t\t\t\t<\/div>\t\r\n\t\t\t\t\t\t<\/div>\r\n\t\t\t\t\t\t\t\t\t\t\t\t\t\t\t\t\t\t\t\t\t\t\t\t\t\t\t\t\t<div class=\"service columns2\">\r\n\t\t\t\t\t\t\t\t\t\t\t\t\t\t\r\n\t\t\t\t\t\t\t<div class=\"svg-container service-icon-svg\">\r\n\t\t\t\t\t\t\t\t\n\t\t<svg xmlns=\"http:\/\/www.w3.org\/2000\/svg\" version=\"1.1\" viewBox=\"0 0 80 70\">\n\t\t\t<g transform=\"translate(0,-982.3622)\">\n\t\t\t\t<path d=\"m 41.863512,49.0007 -35.2397037,-2e-6 -17.6198503,-30.51848 17.6198533,-30.518478 35.2397037,2e-6 17.619851,30.518479 z\" transform=\"matrix(1.1191385,0,0,1.1284347,12.867983,996.50622)\"\/>\n\t\t\t<\/g>\n\t\t<\/svg>\n\t\t\t\t\t\t\t\t\t<span class=\"service-icon\">\r\n\t\t\t\t\t\t\t\t\t<i class=\"fa fa-birthday-cake\"><\/i>\t\t\t\t\t\t\t\t<\/span>\t\t\t\t\t\t\t\t\r\n\t\t\t\t\t\t\t<\/div>\t\t\t\t\t\t\t\t\t\t\r\n\t\t\t\t\t\t\t\t\t\t\t\t\t\t\r\n\t\t\t\t\t\t\t<div class=\"content\">\r\n\t\t\t\t\t\t\t\t<h4 class=\"service-title\">\r\n\t\t\t\t\t\t\t\t\t\t\t\t\t\t\t\t\tCoaching \u017cyciowy\/osobisty\t\t\t\t\t\t\t\t\t\t\t\t\t\t\t\t<\/h4>\r\n\t\t\t\t\t\t\t\t<h5>(<em>life coaching<\/em>)<\/h5>\n<p>Dotyczy osobistej sfery \u017cycia klienta. Koncentruje si\u0119 na jego rozwoju osobistym, poprawie funkcjonowania w\u00a0\u017cyciu codziennym. Celem mo\u017ce by\u0107 wzbogacenie umiej\u0119tno\u015bci osobistych w\u00a0relacjach z\u00a0bliskimi (rodzin\u0105, przyjaci\u00f3\u0142mi), przej\u015bcie do nowego etapu w\u00a0\u017cyciu w\u00a0zwi\u0105zku z\u00a0now\u0105 rol\u0105 (rodzicielstwo, zmiana zainteresowa\u0144 zawodowych), itd.<\/p>\n\t\t\t\t\t\t\t<\/div>\t\r\n\t\t\t\t\t\t<\/div>\r\n\t\t\t\t\t\t\t\t\t<\/div>\t\r\n\r\n\t\t\t\t\t\t\t\t\r\n\t<\/div><\/div><\/div><\/div><\/div>","protected":false},"excerpt":{"rendered":"<p>Najlepsz\u0105 metod\u0105 przepowiedzenia\u00a0przysz\u0142o\u015bci jest\u00a0zaprojektowanie jej. \u2014 Alan Kay O\u00a0coachingu Oferujemy coaching zar\u00f3wno dla firm, jak i\u00a0os\u00f3b indywidualnych. W\u00a0coachingu pos\u0142ugujemy si\u0119 unikaln\u0105, wypracowan\u0105 przez lata do\u015bwiadcze\u0144 metodologi\u0105 Multi-Level Coaching (wi\u0119cej nt. metody), kt\u00f3r\u0105 okre\u015blamy jako podej\u015bcie wielopoziomowe. Pozwala nam ona na szybkie i\u00a0trafne odkrywania \u017ar\u00f3de\u0142 problem\u00f3w i\u00a0efektywne dobieranie sposob\u00f3w pracy. Jest to metoda uniwersalna, dzi\u0119ki kt\u00f3rej [&hellip;]<\/p>\n","protected":false},"author":1,"featured_media":0,"parent":377,"menu_order":1,"comment_status":"closed","ping_status":"closed","template":"page-templates\/page_no-header.php","meta":{"footnotes":""},"class_list":["post-381","page","type-page","status-publish","hentry"],"_links":{"self":[{"href":"https:\/\/ccinnovation.pl\/index.php?rest_route=\/wp\/v2\/pages\/381","targetHints":{"allow":["GET"]}}],"collection":[{"href":"https:\/\/ccinnovation.pl\/index.php?rest_route=\/wp\/v2\/pages"}],"about":[{"href":"https:\/\/ccinnovation.pl\/index.php?rest_route=\/wp\/v2\/types\/page"}],"author":[{"embeddable":true,"href":"https:\/\/ccinnovation.pl\/index.php?rest_route=\/wp\/v2\/users\/1"}],"replies":[{"embeddable":true,"href":"https:\/\/ccinnovation.pl\/index.php?rest_route=%2Fwp%2Fv2%2Fcomments&post=381"}],"version-history":[{"count":29,"href":"https:\/\/ccinnovation.pl\/index.php?rest_route=\/wp\/v2\/pages\/381\/revisions"}],"predecessor-version":[{"id":1450,"href":"https:\/\/ccinnovation.pl\/index.php?rest_route=\/wp\/v2\/pages\/381\/revisions\/1450"}],"up":[{"embeddable":true,"href":"https:\/\/ccinnovation.pl\/index.php?rest_route=\/wp\/v2\/pages\/377"}],"wp:attachment":[{"href":"https:\/\/ccinnovation.pl\/index.php?rest_route=%2Fwp%2Fv2%2Fmedia&parent=381"}],"curies":[{"name":"wp","href":"https:\/\/api.w.org\/{rel}","templated":true}]}}