{"id":480,"date":"2016-12-30T17:56:10","date_gmt":"2016-12-30T17:56:10","guid":{"rendered":"https:\/\/econlp.home.pl\/autoinstalator\/wordpress4\/?page_id=480"},"modified":"2020-07-17T21:54:49","modified_gmt":"2020-07-17T21:54:49","slug":"szkolenia-otwarte","status":"publish","type":"page","link":"https:\/\/ccinnovation.pl\/?page_id=480","title":{"rendered":"Szkolenia otwarte"},"content":{"rendered":"<hr \/>\n<h4>Seminarium: <em>Projekt coachingu w organizacji, kontrakt, zasady etyczne<\/em><\/h4>\n<h5>Szkolenie\u00a0 dla coach\u00f3w oraz przedstawicieli dzia\u0142\u00f3w HR<\/h5>\n<p>Celem seminarium <i><b>Projekt coachingu w organizacji, kontrakt, zasady etyczne\u00a0 <\/b><\/i>w\u00a0organizacji jest dostarczenie uczestnikom wiedzy i\u00a0kompetencji pozwalaj\u0105cych odpowiednio zaplanowa\u0107 i\u00a0wdro\u017cy\u0107 projekt coachingu w\u00a0organizacji. Wa\u017cna podstaw\u0105 s\u0105 tu zasady etyczne, znajomo\u015b\u0107 element\u00f3w kontraktu i\u00a0zasad wsp\u00f3\u0142pracy z\u00a0organizacj\u0105 w\u00a0ramach projektu coachingu. Dobre, profesjonalne przygotowanie w\u00a0wy\u017cej wymienionych obszarach jest podstaw\u0105 skutecznego coachingu.<\/p>\n<p><strong>Uczestnicy poznaj\u0105:<\/strong><\/p>\n<ul>\n<li>\u00a0 po co s\u0105 zasady etyczne, przed jakimi b\u0142\u0119dami chroni\u0105 i\u00a0do jakich mechanizm\u00f3w\u00a0 \u00a0 psychologicznych si\u0119 odwo\u0142uj\u0105,<\/li>\n<li>\u00a0\u00a0 jakie s\u0105 elementy kontraktu z\u00a0klientem i\u00a0jak jest on zwi\u0105zany z\u00a0zasadami etycznymi,<\/li>\n<li>\u00a0\u00a0 jak przygotowa\u0107, komunikowa\u0107 i\u00a0realizowa\u0107 projekt coachingu w\u00a0firmie,<\/li>\n<li>\u00a0\u00a0 co wp\u0142ywa na skuteczno\u015b\u0107 coachingu w\u00a0organizacji,<\/li>\n<li>\u00a0\u00a0 przyk\u0142ady z\u00a0praktyki, wskazane rozwi\u0105zania.<\/li>\n<\/ul>\n<h6><a href=\"http:\/\/www.coaching.edu.pl\/?page_id=98\">dowiedz si\u0119 wi\u0119cej<\/a><\/h6>\n<hr \/>\n<h4><em>Warsztat: Coaching zespo\u0142u<\/em><\/h4>\n<h5>Szkolenie zaawansowane dla coach\u00f3w<\/h5>\n<p>Warsztat <strong><em>Coaching zespo\u0142u<\/em><\/strong> to unikalne i\u00a0jedyne tego typu szkolenie w\u00a0Polsce. Uczestnicy poznaj\u0105 specyfik\u0119 pracy w\u00a0kontek\u015bcie coachingu zespo\u0142owego zar\u00f3wno <strong>z\u00a0perspektywy coacha wewn\u0119trznego, jak i\u00a0zewn\u0119trznego<\/strong>, jak r\u00f3wnie\u017c zdob\u0119d\u0105 kompetencj\u0119 <strong>samodzielnego planowania i\u00a0prowadzenia coachingu zespo\u0142owego<\/strong>. Co wi\u0119cej, praktycznie naucz\u0105 si\u0119 narz\u0119dzi przydatnych w\u00a0kontekstach:<\/p>\n<ul>\n<li>\u00a0 \u00a0 zwi\u0119kszenia wsp\u00f3\u0142pracy w\u00a0zespole,<\/li>\n<li>\u00a0 \u00a0 poprawienia komunikacji,<\/li>\n<li>\u00a0 \u00a0 zapobiegania destruktywnym konfliktom,<\/li>\n<li>\u00a0 \u00a0 ustalania wsp\u00f3lnych cel\u00f3w zadaniowych,<\/li>\n<li>\u00a0 \u00a0 efektywnego realizowania zada\u0144,<\/li>\n<li>\u00a0 \u00a0 skutecznego wdra\u017cania zmian,<\/li>\n<li>\u00a0 \u00a0 uruchomienia potencja\u0142u zespo\u0142u z\u00a0r\u00f3\u017cnych poziom\u00f3w funkcjonowania.<\/li>\n<\/ul>\n<h6><a href=\"http:\/\/www.coaching.edu.pl\/?page_id=124\">dowiedz si\u0119 wi\u0119cej<\/a><\/h6>\n<hr \/>\n<h4><em>Narz\u0119dzia w\u00a0coachingu: strategie<\/em><\/h4>\n<h5>Szkolenie zaawansowane dla coach\u00f3w<\/h5>\n<p>Warsztat dedykowany dla aktywnych coach\u00f3w. Jak rozpozna\u0107 nieskuteczn\u0105 strategi\u0119 klienta? Jak pom\u00f3c mu zaprojektowa\u0107 i\u00a0wdro\u017cy\u0107 now\u0105? Jak pozna\u0107, \u017ce powodem braku skuteczno\u015bci jest w\u0142a\u015bnie strategia?<\/p>\n<p><strong>Cel warsztatu<\/strong><\/p>\n<p>Celem warsztatu jest dostarczenie uczestnikom kompetencji pracy ze strategiami klient\u00f3w w\u00a0coachingu \u2013 a\u00a0zatem wiedzy, umiej\u0119tno\u015bci oraz technik, dzi\u0119ki kt\u00f3rym b\u0119d\u0105 oni w\u00a0stanie samodzielnie:<\/p>\n<ul>\n<li>rozpozna\u0107 sytuacj\u0119, kiedy problemem klienta jest nieskuteczna strategia,<\/li>\n<li>odkodowa\u0107 nieskuteczn\u0105 strategi\u0119,<\/li>\n<li>wesprze\u0107 klienta przy stworzeniu nowej, skutecznej strategii,<\/li>\n<li>zast\u0105pi\u0107 nieskuteczn\u0105 strategi\u0119 now\u0105, skuteczn\u0105,<\/li>\n<li>jeszcze bardziej zwi\u0119kszy\u0107 efektywno\u015b\u0107 posiadanych ju\u017c, skutecznych strategii<\/li>\n<\/ul>\n<h6><a href=\"http:\/\/www.coaching.edu.pl\/?page_id=120\">dowiedz si\u0119 wi\u0119cej<\/a><\/h6>\n","protected":false},"excerpt":{"rendered":"<p>Seminarium: Projekt coachingu w organizacji, kontrakt, zasady etyczne Szkolenie\u00a0 dla coach\u00f3w oraz przedstawicieli dzia\u0142\u00f3w HR Celem seminarium Projekt coachingu w organizacji, kontrakt, zasady etyczne\u00a0 w\u00a0organizacji jest dostarczenie uczestnikom wiedzy i\u00a0kompetencji pozwalaj\u0105cych odpowiednio zaplanowa\u0107 i\u00a0wdro\u017cy\u0107 projekt coachingu w\u00a0organizacji. Wa\u017cna podstaw\u0105 s\u0105 tu zasady etyczne, znajomo\u015b\u0107 element\u00f3w kontraktu i\u00a0zasad wsp\u00f3\u0142pracy z\u00a0organizacj\u0105 w\u00a0ramach projektu coachingu. Dobre, profesjonalne przygotowanie [&hellip;]<\/p>\n","protected":false},"author":1,"featured_media":0,"parent":423,"menu_order":5,"comment_status":"closed","ping_status":"closed","template":"page-templates\/page_no-header.php","meta":{"footnotes":""},"class_list":["post-480","page","type-page","status-publish","hentry"],"_links":{"self":[{"href":"https:\/\/ccinnovation.pl\/index.php?rest_route=\/wp\/v2\/pages\/480","targetHints":{"allow":["GET"]}}],"collection":[{"href":"https:\/\/ccinnovation.pl\/index.php?rest_route=\/wp\/v2\/pages"}],"about":[{"href":"https:\/\/ccinnovation.pl\/index.php?rest_route=\/wp\/v2\/types\/page"}],"author":[{"embeddable":true,"href":"https:\/\/ccinnovation.pl\/index.php?rest_route=\/wp\/v2\/users\/1"}],"replies":[{"embeddable":true,"href":"https:\/\/ccinnovation.pl\/index.php?rest_route=%2Fwp%2Fv2%2Fcomments&post=480"}],"version-history":[{"count":18,"href":"https:\/\/ccinnovation.pl\/index.php?rest_route=\/wp\/v2\/pages\/480\/revisions"}],"predecessor-version":[{"id":2267,"href":"https:\/\/ccinnovation.pl\/index.php?rest_route=\/wp\/v2\/pages\/480\/revisions\/2267"}],"up":[{"embeddable":true,"href":"https:\/\/ccinnovation.pl\/index.php?rest_route=\/wp\/v2\/pages\/423"}],"wp:attachment":[{"href":"https:\/\/ccinnovation.pl\/index.php?rest_route=%2Fwp%2Fv2%2Fmedia&parent=480"}],"curies":[{"name":"wp","href":"https:\/\/api.w.org\/{rel}","templated":true}]}}