{"id":550,"date":"2016-12-30T19:15:05","date_gmt":"2016-12-30T19:15:05","guid":{"rendered":"https:\/\/econlp.home.pl\/autoinstalator\/wordpress4\/?page_id=550"},"modified":"2023-04-04T12:20:04","modified_gmt":"2023-04-04T12:20:04","slug":"o-firmie","status":"publish","type":"page","link":"https:\/\/ccinnovation.pl\/?page_id=550","title":{"rendered":"O firmie"},"content":{"rendered":"<p>Wspieramy firmy w rozwoju zasob\u00f3w ludzkich, w zarz\u0105dzaniu, w procesach zmian. Wdra\u017camy efektywne programy szkoleniowe, doradcze, prowadzimy coaching indywidualny i zespo\u0142\u00f3w dla cz\u0142onk\u00f3w zarz\u0105d\u00f3w, mened\u017cer\u00f3w, kluczowych pracownik\u00f3w. O skuteczno\u015bci tych dzia\u0142a\u0144 \u015bwiadczy nasza sta\u0142a obecno\u015b\u0107 na rynku od pocz\u0105tku lat 90-tych oraz uznanie klient\u00f3w.<\/p>\n<p>Nasz zesp\u00f3\u0142 sk\u0142ada si\u0119 z\u00a0profesjonalist\u00f3w posiadaj\u0105cych interdyscyplinarn\u0105 wiedz\u0119 i\u00a0bogate do\u015bwiadczenie. Dzi\u0119ki temu integrujemy praktyk\u0119 w\u00a0zarz\u0105dzaniu oraz wiedz\u0119 psychologiczn\u0105.<\/p>\n<p>Utrzymujemy sta\u0142\u0105 wsp\u00f3\u0142prac\u0119 z zagranicznymi organizacjami i o\u015brodkami doradczo-szkoleniowymi. Prowadzimy kursy certyfikacyjne zgodne z wymogami polskich i mi\u0119dzynarodowych organizacji.<\/p>\n<p>Jeste\u015bmy zrzeszeni w\u00a0Izbie Coachingu.<\/p>\n<p><a href=\"https:\/\/econlp.home.pl\/autoinstalator\/wordpress4\/wp-content\/uploads\/2016\/12\/IzbaCoachingu_CMYK_B.DUZE-mini.tif\"><img loading=\"lazy\" decoding=\"async\" class=\"alignnone size-medium wp-image-551\" src=\"https:\/\/econlp.home.pl\/autoinstalator\/wordpress4\/wp-content\/uploads\/2016\/12\/IzbaCoachingu_CMYK_B.DUZE-mini.tif\" alt=\"\" width=\"1\" height=\"1\" \/><\/a> <a href=\"https:\/\/econlp.home.pl\/autoinstalator\/wordpress4\/wp-content\/uploads\/2016\/12\/IzbaCoachingu_CMYK_B.DUZE_.tif\"><img loading=\"lazy\" decoding=\"async\" class=\"alignnone size-medium wp-image-552\" src=\"https:\/\/econlp.home.pl\/autoinstalator\/wordpress4\/wp-content\/uploads\/2016\/12\/IzbaCoachingu_CMYK_B.DUZE_.tif\" alt=\"\" width=\"1\" height=\"1\" \/><\/a> <a href=\"https:\/\/econlp.home.pl\/autoinstalator\/wordpress4\/wp-content\/uploads\/2016\/12\/logo.png\"><img loading=\"lazy\" decoding=\"async\" class=\"size-full wp-image-553 alignleft\" src=\"https:\/\/econlp.home.pl\/autoinstalator\/wordpress4\/wp-content\/uploads\/2016\/12\/logo.png\" alt=\"\" width=\"197\" height=\"51\" srcset=\"https:\/\/ccinnovation.pl\/wp-content\/uploads\/2016\/12\/logo.png 197w, https:\/\/ccinnovation.pl\/wp-content\/uploads\/2016\/12\/logo-100x26.png 100w\" sizes=\"auto, (max-width: 197px) 100vw, 197px\" \/><\/a><\/p>\n<h4><\/h4>\n","protected":false},"excerpt":{"rendered":"<p>Wspieramy firmy w rozwoju zasob\u00f3w ludzkich, w zarz\u0105dzaniu, w procesach zmian. Wdra\u017camy efektywne programy szkoleniowe, doradcze, prowadzimy coaching indywidualny i zespo\u0142\u00f3w dla cz\u0142onk\u00f3w zarz\u0105d\u00f3w, mened\u017cer\u00f3w, kluczowych pracownik\u00f3w. O skuteczno\u015bci tych dzia\u0142a\u0144 \u015bwiadczy nasza sta\u0142a obecno\u015b\u0107 na rynku od pocz\u0105tku lat 90-tych oraz uznanie klient\u00f3w. Nasz zesp\u00f3\u0142 sk\u0142ada si\u0119 z\u00a0profesjonalist\u00f3w posiadaj\u0105cych interdyscyplinarn\u0105 wiedz\u0119 i\u00a0bogate do\u015bwiadczenie. Dzi\u0119ki [&hellip;]<\/p>\n","protected":false},"author":1,"featured_media":0,"parent":0,"menu_order":0,"comment_status":"closed","ping_status":"closed","template":"","meta":{"footnotes":""},"class_list":["post-550","page","type-page","status-publish","hentry"],"_links":{"self":[{"href":"https:\/\/ccinnovation.pl\/index.php?rest_route=\/wp\/v2\/pages\/550","targetHints":{"allow":["GET"]}}],"collection":[{"href":"https:\/\/ccinnovation.pl\/index.php?rest_route=\/wp\/v2\/pages"}],"about":[{"href":"https:\/\/ccinnovation.pl\/index.php?rest_route=\/wp\/v2\/types\/page"}],"author":[{"embeddable":true,"href":"https:\/\/ccinnovation.pl\/index.php?rest_route=\/wp\/v2\/users\/1"}],"replies":[{"embeddable":true,"href":"https:\/\/ccinnovation.pl\/index.php?rest_route=%2Fwp%2Fv2%2Fcomments&post=550"}],"version-history":[{"count":4,"href":"https:\/\/ccinnovation.pl\/index.php?rest_route=\/wp\/v2\/pages\/550\/revisions"}],"predecessor-version":[{"id":2730,"href":"https:\/\/ccinnovation.pl\/index.php?rest_route=\/wp\/v2\/pages\/550\/revisions\/2730"}],"wp:attachment":[{"href":"https:\/\/ccinnovation.pl\/index.php?rest_route=%2Fwp%2Fv2%2Fmedia&parent=550"}],"curies":[{"name":"wp","href":"https:\/\/api.w.org\/{rel}","templated":true}]}}